0 (base 8) to base 15
24eeb1
-11394892 (base 10) to base 9
-23386761
Convert 729aa83 (base 11) to base 10.
12869409
What is -224401203 (base 5) in base 14?
-1c50a2
What is 214231010 (base 6) in base 16?
3aad4e
-3899d (base 15) to base 5
-21243143
What is -42352210 (base 7) in base 16?
-36d1ef
Convert 2831817 (base 11) to base 4.
102212313022
Convert -2a0520 (base 11) to base 9.
-784475
What is -25437501 (base 8) in base 4?
-111203331001
Convert 1412447 (base 10) to base 3.
2122202111212
23131001231 (base 4) to base 16
2dd06d
-b1243 (base 13) to base 16
-4d559
2b689 (base 13) to base 11
56a14
What is -45373 (base 9) in base 16?
-75f6
What is -1553034 (base 6) in base 5?
-10431221
Convert -11010000110011010 (base 2) to base 7.
-623452
Convert -29ebc5 (base 15) to base 5.
-1004234120
What is -2312053 (base 8) in base 14?
-124ab9
1c6a9 (base 16) to base 10
116393
2233413 (base 6) to base 9
182680
What is 440446 (base 8) in base 12?
71606
Convert 573d94 (base 14) to base 13.
7cc492
What is -1011001100100100101000 (base 2) in base 9?
-5463150
-128ba (base 16) to base 9
-125172
Convert -552d29 (base 15) to base 3.
-21122020212210
What is -53aa3 (base 13) in base 10?
-151219
What is -1502776 (base 8) in base 11?
-272223
Convert -2104367 (base 8) to base 2.
-10001000100011110111
What is 27eda (base 16) in base 2?
100111111011011010
100101002211 (base 3) to base 9
311084
Convert 3122024124 (base 5) to base 15.
872e0e
-1000001000011101110111 (base 2) to base 12
-869847
Convert -11111111000001100001110 (base 2) to base 16.
-7f830e
a160c1 (base 15) to base 7
122102242
Convert -696abe (base 15) to base 6.
-255524042
What is 7057 (base 12) in base 6?
132151
What is -4214525 (base 10) in base 7?
-50552150
What is 13023403 (base 5) in base 9?
212748
What is 1341530 (base 6) in base 13?
28530
What is 23230031 (base 4) in base 3?
2102200112
What is -2231052 (base 6) in base 4?
-123211220
Convert 437e (base 15) to base 8.
33726
377526 (base 8) to base 3
20122120020
-350991 (base 10) to base 15
-6dee6
Convert -111101201221110 (base 3) to base 12.
-2474519
-17bf8 (base 16) to base 8
-275770
What is 43600 (base 16) in base 4?
1003120000
-18a413 (base 16) to base 3
-10001001011220
What is -e81630 (base 15) in base 16?
-a878fc
-30289 (base 13) to base 5
-10224014
Convert 867627 (base 12) to base 5.
1021044223
What is -50131 (base 14) in base 4?
-232330333
Convert -114501201 (base 6) to base 2.
-1000010101100010000001
Convert 27a8a (base 15) to base 13.
45bcb
-105451544 (base 7) to base 13
-1443065
fd8f5 (base 16) to base 15
157adb
-8354d (base 15) to base 7
-3352525
-3a2404 (base 11) to base 4
-2122132021
What is -435653 (base 7) in base 16?
-12abe
13c3cc (base 14) to base 2
10100111101010110000
What is 5d4162 (base 16) in base 2?
10111010100000101100010
-62259 (base 15) to base 16
-4befa
What is -101000100010001111 (base 2) in base 11?
-103818
-110100101110011011 (base 2) to base 14
-589bd
Convert 51315320 (base 6) to base 3.
2202210102110
Convert -2010222111222 (base 3) to base 7.
-12462203
Convert -11550405 (base 6) to base 13.
-1004a2
What is 23131033232 (base 4) in base 15?
3e4d4e
Convert 10011011010111010 (base 2) to base 16.
136ba
2667155 (base 8) to base 12
301665
What is 11100110011222 (base 3) in base 8?
10643161
What is 2221210101111 (base 3) in base 2?
101111111011011110101
What is 40207a (base 14) in base 7?
24222213
-aae82e (base 16) to base 9
-23061244
Convert 1c94b9 (base 13) to base 8.
2632642
-323023021220 (base 4) to base 6
-1312251332
11212223303 (base 4) to base 8
5465363
What is 31a32 (base 15) in base 10?
157547
Convert 20802a (base 12) to base 2.
1111100111000100010
-855752 (base 12) to base 16
-201aee
-8c04a4 (base 13) to base 7
-40111322
What is -120201111132 (base 4) in base 5?
-3121143443
What is -49289 (base 11) in base 2?
-10001010011100010
Convert -bbf0d6 (base 16) to base 2.
-101110111111000011010110
What is -1301300 (base 6) in base 9?
-116400
Convert -47971 (base 10) to base 12.
-23917
What is 1721035 (base 9) in base 5?
221134132
ba7b0 (base 13) to base 9
563823
What is -26622231 (base 7) in base 9?
-4557630
What is -1502231 (base 8) in base 3?
-210200221210
What is -1011202020201 (base 3) in base 15?
-c5274
-42050216 (base 7) to base 16
-360a52
2401300 (base 11) to base 7
50414613
What is -245bb3b (base 12) in base 7?
-114164156
Convert -8933e (base 15) to base 13.
-12366b
141320461 (base 7) to base 15
c25674
33936 (base 10) to base 8
102220
-ade (base 15) to base 6
-15215
8b166a (base 12) to base 2
1000011110010101110010
What is 241102243 (base 6) in base 2?
10001010010111010110011
Convert -3020443121 (base 5) to base 14.
-b2dc84
What is -10120201012212 (base 3) in base 4?
-13100233121
-100002504 (base 6) to base 16
-19a368
What is -6316771 (base 8) in base 7?
-20161403
Convert -1227b5 (base 13) to base 3.
-211001112021
What is -7ee66c (base 15) in base 9?
-12375623
What is 435406 (base 8) in base 12?
7071a
4618542 (base 9) to base 10
2492894
-12643025 (base 7) to base 3
-2012110101202
-1111345210 (base 6) to base 15
-10e4319
What is 1122120011 (base 4) in base 3?
200210210102
-501326 (base 8) to base 7
-1253533
Convert -4c2ab0 (base 13) to base 3.
-10110011221210
What is 50480 (base 14) in base 5?
22133401
What is -5401503 (base 6) in base 15?
-536c3
Convert 1689b (base 16) to base 2.
10110100010011011
Convert 10001010100000101011011 (base 2) to base 12.
162a6a3
-2c8ac5 (base 13) to base 7
-12250555
What is 569823 (base 11) in base 8?
3351531
-32112012 (base 4) to base 12
-2a006
What is 21024443 (base 5) in base 7?
1322361
What is -1b510 (base 15) in base 13?
-315c9
1213231 (base 9) to base 3
1020110021001
-287279 (base 14) to base 4
-11112130323
Convert -8a9a16 (base 12) to base 7.
-24553542
What is -123071 (base 9) in base 8?
-221266
What is -11b83b (base 13) in base 7?
-3421205
-ac7389 (base 15) to base 16
-7d838f
What is 5624326 (base 7) in base 12?
296544
Convert 4872711 (base 9) to base 10.
2646118
Convert 12129 (base 16) to base 11.
50686
7474803 (base 9) to base 14
763b8d
Convert 1334301233 (base 5) to base 12.
1195957
-550259 (base 11) to base 13
-249ca5
202100010012 (base 3) to base 7
3255035
What is 121121120120 (base 3) in base 6?
11001540
What is -117ab11 (base 12) in base 7?
-40614112
What is -dc754 (base 15) in base 16?
-aaf77
Convert 156752 (base 9) to base 6.
2024202
-11030421 (base 6) to base 8
-1205615
-2cd52 (base 16) to base 9
-308807
Convert 16a79a8 (base 11) to base 5.
1220113201
What is 33301333 (base 5) in base 6?
10122255
Convert -153899 (base 13) to base 11.
-327348
What is 6440674 (base 8) in base 11?
a75921
Convert -4e26 (base 15) to base 10.
-16686
-1bb9695 (base 12) to base 2
-10110110000111110010001
4a1124 (base 13) to base 7
21033421
What is -3602426 (base 7) in base 14?
-bb9bd
b9932 (base 15) to base 4
2033320022
Convert -1136257 (base 9) to base 13.
-186a84
Convert -2501142 (base 7) to base 5.
-40213010
2220112313 (base 4) to base 10
689591
Convert -344880 (base 12) to base 3.
-1120112222020
-16715 (base 11) to base 7
-125325
What is 1301232111 (base 4) in base 15?
93043
Convert -126475 (base 9) to base 5.
-4430222
-232153122 (base 6) to base 5
-2100313211
-3233424311 (base 5) to base 13
-158b184
What is ddbb60 (base 14) in base 9?
15136323
What is 332687 (base 16) in base 3?
20022022100112
What is -313311322332 (base 4) in base 12?
-4a9b626
Convert -1214444011 (base 5) to base 11.
-16a4753
Convert 554011 (base 10) to base 7.
4465123
Convert -1110000000001001 (base 2) to base 7.
-326132
What is -3246224 (base 7) in base 11?
-252307
What is 3828806 (base 11) in base 12?
2284aa3
Convert 54aba9 (base 12) to base 4.
11020220301
What is 9287a (base 13) in base 10?
262896
What is 9b1a8 (base 13) in base 4?
1010232303
116374 (base 10) to base 4
130122112
Convert -2100131321 (base 4) to base 13.
-179453
1011101100011111 (base 2) to base 8
135437
Convert -8035b (base 12) to base 3.
-22110020122
What is -189a5b (base 12) in base 15?
-87e08
Convert 132212103330 (base 4) to base 12.
2829b10
Convert 212055 (base 10) to base 7.
1542144
What is -11141604 (base 8) in base 14?
-46a084
Convert 832974 (base 10) to base 15.
116c19
5c84e6 (base 15) to base 13
bc269b
Convert -13351110 (base 6) to base 7.
-3552603